6a (base 12) to base 9.
-37431
Convert -6eb (base 15) to base 8.
-3043
Convert -4a1 (base 11) to base 13.
-36a
Convert 10184 (base 13) to base 6.
341302
2e6a (base 15) to base 14
3904
What is 36a (base 13) in base 7?
1510
What is 1011210200 (base 3) in base 16?
5a90
Convert -4107 (base 8) to base 16.
-847
-6b43 (base 13) to base 9
-22633
What is 343 (base 10) in base 4?
11113
What is -242402 (base 5) in base 16?
-238e
What is -283 (base 16) in base 11?
-535
353a (base 11) to base 8
11041
-10041 (base 7) to base 6
-15130
Convert -21961 (base 10) to base 14.
-8009
What is 2b70 (base 16) in base 15?
3465
-1001001100 (base 2) to base 12
-410
322203 (base 5) to base 6
122332
323211 (base 5) to base 9
16144
Convert a17 (base 16) to base 11.
1a39
-210120001 (base 3) to base 8
-36543
202011001 (base 3) to base 14
54d3
Convert -b6 (base 15) to base 2.
-10101011
3440 (base 8) to base 16
720
Convert 1157 (base 9) to base 8.
1536
What is -10040 (base 6) in base 11?
-aa0
a447 (base 11) to base 15
4180
What is -13247 (base 12) in base 15?
-7bad
Convert 1215b (base 12) to base 11.
17379
Convert 330 (base 13) to base 16.
222
1111222101 (base 3) to base 2
111010010110000
Convert 2027 (base 8) to base 2.
10000010111
-253 (base 8) to base 16
-ab
What is -32121 (base 7) in base 12?
-4729
26337 (base 9) to base 11
12398
What is -2291 (base 16) in base 12?
-5155
Convert 1506 (base 15) to base 14.
18dc
What is 302401 (base 7) in base 8?
144150
14230 (base 10) to base 8
33626
Convert -102121 (base 4) to base 11.
-980
-311 (base 7) to base 13
-bc
-121042 (base 8) to base 15
-c471
What is 152 (base 11) in base 14?
ca
Convert -6022 (base 12) to base 7.
-42206
46005 (base 7) to base 11
8847
What is -56421 (base 9) in base 12?
-1986a
What is -505 (base 9) in base 2?
-110011010
-10138 (base 12) to base 7
-115001
What is 26b (base 14) in base 9?
601
What is 7cd (base 16) in base 6?
13125
Convert 1404 (base 6) to base 11.
301
Convert -2853 (base 10) to base 14.
-107b
-12212 (base 4) to base 3
-120122
11011001011 (base 2) to base 15
7ae
What is 280 (base 15) in base 13?
34b
-301 (base 5) to base 10
-76
Convert 1233 (base 5) to base 10.
193
What is 170cc (base 15) in base 7?
430014
What is 278 (base 13) in base 11?
368
22112201 (base 3) to base 11
4753
What is 5061 (base 16) in base 3?
1001020010
Convert -223220 (base 5) to base 13.
-37c5
Convert 221241 (base 6) to base 9.
27277
What is 1010100001011 (base 2) in base 4?
1110023
What is 185 (base 11) in base 10?
214
-60436 (base 7) to base 14
-548d
Convert 230212 (base 4) to base 16.
b26
Convert 34125 (base 6) to base 12.
2945
What is 3093 (base 16) in base 10?
12435
-4b49 (base 14) to base 5
-410242
Convert 346 (base 14) to base 13.
3b0
What is 10011111010110 (base 2) in base 14?
3a06
15c5 (base 13) to base 16
c83
What is 9669 (base 11) in base 9?
18470
What is -12424 (base 5) in base 16?
-3dd
Convert 1899 (base 13) to base 2.
111001011011
What is -156 (base 15) in base 3?
-102100
Convert 7433 (base 16) to base 5.
1422442
Convert 7592 (base 12) to base 7.
52454
-646 (base 12) to base 10
-918
-28635 (base 9) to base 3
-222201012
16c (base 16) to base 15
194
What is -27a8 (base 15) in base 10?
-8483
112260 (base 9) to base 10
67284
Convert 5265 (base 7) to base 6.
12340
Convert -3232 (base 4) to base 9.
-284
-118bb (base 14) to base 15
-ca98
Convert -141 (base 16) to base 14.
-18d
-1322033 (base 4) to base 2
-1111010001111
Convert -213616 (base 8) to base 12.
-354ba
-27b9 (base 13) to base 8
-13141
What is 112350 (base 6) in base 15?
2ccc
-10010211 (base 4) to base 7
-66423
-6347 (base 9) to base 2
-1001000110100
Convert -101101110 (base 2) to base 16.
-16e
What is 70253 (base 8) in base 3?
1110120021
What is -391d (base 15) in base 14?
-461c
Convert -5c25 (base 15) to base 2.
-100110010011010
-31223 (base 4) to base 2
-1101101011
Convert 1b16 (base 13) to base 10.
4075
Convert 1110001011 (base 2) to base 15.
407
What is 11561 (base 7) in base 12?
1908
-5537 (base 11) to base 12
-4284
-2341 (base 6) to base 14
-2c5
What is -12 (base 8) in base 16?
-a
341e (base 15) to base 7
44141
Convert -1911 (base 10) to base 3.
-2121210
Convert 2145 (base 6) to base 3.
200102
-4f2 (base 16) to base 7
-3456
Convert -ca51 (base 14) to base 11.
-242a1
Convert -101101101100 (base 2) to base 5.
-43144
1681 (base 15) to base 2
1001011101110
What is 13222 (base 5) in base 9?
1410
-6040 (base 7) to base 16
-826
What is 1645 (base 8) in base 10?
933
What is -10003 (base 5) in base 15?
-2bd
What is 590 (base 16) in base 15?
64e
Convert 20122311 (base 4) to base 8.
103265
-115044 (base 6) to base 4
-2133010
Convert 211102 (base 4) to base 11.
187a
Convert 2209 (base 11) to base 8.
5541
What is 1210544 (base 6) in base 16?
f8e0
What is 117 (base 11) in base 15?
94
538 (base 11) to base 7
1612
-60325 (base 7) to base 11
-aa48
What is -10331 (base 4) in base 5?
-2232
-13131 (base 4) to base 12
-339
What is -19a6 (base 11) in base 9?
-3427
115 (base 9) to base 5
340
What is -10102220 (base 3) in base 6?
-15340
What is -2071 (base 10) in base 12?
-1247
What is -12012200 (base 3) in base 7?
-14034
Convert -1001100011 (base 3) to base 11.
-14581
1027a (base 14) to base 4
21200010
Convert 290 (base 14) to base 5.
4033
Convert -3710 (base 8) to base 13.
-ba3
What is 602 (base 9) in base 5?
3423
What is -2543 (base 6) in base 11?
-531
What is 216 (base 14) in base 11?
345
Convert -588 (base 11) to base 7.
-2021
413 (base 6) to base 4
2121
Convert -2133 (base 10) to base 13.
-c81
Convert -2886 (base 10) to base 12.
-1806
What is 38a8 (base 14) in base 5?
304243
-12313 (base 4) to base 8
-667
What is -21203 (base 5) in base 2?
-10110010100
-853a (base 11) to base 10
-11296
103646 (base 8) to base 15
a451
What is 2548 (base 15) in base 8?
17407
Convert -2012000010 (base 3) to base 8.
-124006
What is -1022010 (base 3) in base 6?
-4220
Convert -10010111 (base 2) to base 9.
-177
-405 (base 13) to base 16
-2a9
What is 501 (base 13) in base 12?
5a6
29580 (base 10) to base 15
8b70
Convert -2755 (base 9) to base 4.
-200123
-1000404 (base 6) to base 12
-23104
Convert -10001011011010000 (base 2) to base 6.
-1310240
What is -383 (base 14) in base 15?
-31d
42e5 (base 15) to base 2
11011101010101
1212121 (base 3) to base 9
1777
37345 (base 9) to base 7
133043
1158b (base 16) to base 6
1304535
What is 12512 (base 6) in base 16?
77c
-16691 (base 11) to base 2
-101101110011101
235544 (base 7) to base 11
2a188
What is -5225 (base 10) in base 2?
-1010001101001
2540 (base 11) to base 3
11112122
What is -5654 (base 13) in base 10?
-12068
-532 (base 6) to base 8
-310
122 (base 12) to base 16
aa
104414 (base 7) to base 6
221042
What is -1204 (base 16) in base 13?
-213a
-12111 (base 6) to base 11
-1370
1376 (base 8) to base 15
361
What is -2201202 (base 3) in base 11?
-1550
-4d0 (base 14) to base 8
-1706
Convert 100011011 (base 2) to base 12.
1b7
What is -1010111010 (base 2) in base 13?
-419
Convert -a8 (base 15) to base 9.
-185
Convert -124341 (base 6) to base 11.
-85a2
Convert 1010010011 (base 2) to base 11.
54a
What is -132251 (base 6) in base 7?
-50365
-43240 (base 6) to base 12
-3520
Convert -5202 (base 6) to base 11.
-95a
Convert -438a (base 16) to base 10.
-17290
Convert -123130 (base 5) to base 3.
-20120102
Convert 21221012 (base 3) to base 5.
141113
What is 1100101011 (base 2) in base 4?
30223
What is -1221 (base 3) in base 4?
-310
79a3 (base 12) to base 8
32313
Convert 82 (base 11) to base 2.
1011010
What is 18a1 (base 15) in base 9?
7267
What is -6696 (base 13) in base 8?
-33757
What is -13a85 (base 12) in base 14?
-a017
What is -121120120 (base 3) in base 9?
-17516
-44472 (base 9) to base 14
-aaa9
-1094 (base 14) to base 6
-21150
What is 100010001100110 (base 2) in base 14?
654a
What is a660 (base 11) in base 13?
655a
77 (base 8) to base 2
111111
What is b4a (base 12) in base 8?
3152
Convert -101101000000110 (base 2) to base 13.
-a64a
What is -c02 (base 14) in base 13?
-10c1
40258 (base 11) to base 2
1110010111110101
Convert -393 (base 14) to base 10.
-717
What is -1a94 (base 11) in base 5?
-41034
Convert -113223 (base 4) to base 3.
-2002010
Convert 300210 (base 5) to base 2.
10010011010110
What is 1256 (base 7) in base 13?
2b1
What is 435 (base 6) in base 10?
167
Conve